s = u + 546. Is s composite?
False
Let g(h) = 4*h**2 - 2*h - 3. Suppose -7 = 2*a + 11. Let t be (-3 - a)/((-6)/(-4)). Is g(t) prime?
True
Let h(d) = -d**3 - 6*d**2 - 3*d. Let b be h(-2). Let m(x) = -x**3 - 4*x**2 - 4*x - 8. Let k be m(b). Is (-6)/4*k/(-12) a composite number?
False
Let m(v) = 6*v + 24. Let o be m(-8). Let x = o - -71. Is x a composite number?
False
Let t(u) = 464*u**2 + 1. Is t(-3) composite?
False
Suppose -2*i + 32 = 4*j, 3*i - 4*j - 23 = 35. Let v = i - 13. Suppose -v*h + 687 = -328. Is h composite?
True
Let f(m) be the second derivative of m**5/20 + m**4/12 + 1401*m**2/2 - 12*m. Is f(0) composite?
True
Suppose -499 = -2*i + 209. Let c = i + 535. Is c a composite number?
True
Suppose 11*p + 16730 = 25*p. Is p prime?
False
Let q(r) be the first derivative of -r**2/2 + 3*r + 25. Let j be 1 - 2 - (2 + 0). Is q(j) composite?
True
Suppose w + 4*s = 3972, 0*w - 2*w + 7988 = -3*s. Let o = 6885 - w. Is o prime?
True
Is 6328 + -10 - (-4 + 5) prime?
True
Let k = -3 + 9. Let n be 8/12 + k/(-9). Suppose n = -5*s - 4*j + 937, 3*s = s - 3*j + 379. Is s a composite number?
True
Let d(j) = -j**3 + 8*j**2 - 10*j - 13. Let f be d(19). Let n = -1011 - f. Is n a prime number?
True
Let f(q) = -q**2 + 3*q + 4. Let y be f(4). Suppose 0*t + 3*t + 6 = y. Is t/(-3)*201/2 composite?
False
Let a(z) = -z**3 + 5*z**2 + 15*z - 3. Let y(x) = 2*x + 21. Let v be y(-7). Let s be a(v). Suppose -1893 = s*d - 7*d. Is d composite?
False
Suppose 2*j = 2524 + 7554. Is j a prime number?
True
Is 3/(-63)*-179913 - (-6)/(-21) a prime number?
False
Let r be 18*((-28)/(-12) + -3). Is (7112/r)/7*-3 a composite number?
True
Let b(k) = 3*k**2 - 11*k. Let m(c) = -3*c**2 + 11*c + 1. Let q(u) = 6*b(u) + 5*m(u). Is q(11) composite?
True
Suppose 35932 + 27018 = 10*y. Is y prime?
False
Let v(s) = 46*s**2 + s + 4. Let k(d) be the third derivative of 23*d**5/30 + 2*d**3/3 - d**2. Let p(c) = -2*k(c) + 3*v(c). Is p(-3) a composite number?
False
Let f(j) = 4545*j**2 - 6*j - 4. Is f(-1) prime?
True
Is 130780/156*(-2 - -5) prime?
False
Let l(y) = 75*y**2 - 15*y + 7. Let j(n) = -76*n**2 + 14*n - 6. Let u(p) = -6*j(p) - 5*l(p). Is u(7) prime?
True
Let z = 105 - 119. Is 2*(-1)/(-7) - 35962/z a composite number?
True
Let i(c) = 5*c**2 + 1. Let j(p) = -21*p**2 + p - 5. Let g(n) = 9*i(n) + 2*j(n). Let x be g(-4). Is 3360/x + 2/(-13) a composite number?
True
Let n = -286 - 168. Let j = -203 - n. Is j a composite number?
False
Let o(n) = -n**3 - 8*n**2 + 9*n + 10. Let c be o(-9). Suppose 5*v = -0*v + c. Let x = 29 + v. Is x composite?
False
Let j = -14263 + 34146. Is j composite?
True
Suppose 4*v = 8*v - 2700. Suppose 6*t - v = 3*t. Is (-2 - t)*(4 + -9) a composite number?
True
Let n(y) = 317*y**2 - 14*y - 8. Let i be n(-4). Suppose -2*f + 0*j + 2539 = -5*j, 4*f - i = -4*j. Is f a prime number?
True
Let g(t) = 291*t + 29. Is g(14) prime?
False
Suppose 7 = -a - 4*d - 15, 0 = 5*a - 5*d - 15. Is (-85)/a*(3 + -1) prime?
False
Let y(l) = l**2 - 12*l - 16. Let a be y(14). Let z = a - -199. Is z a prime number?
True
Let m(f) = -f**2 + 12*f - 9. Let n be m(11). Suppose n*r + 2*a - 2381 = -a, a = 4*r - 4783. Is r composite?
True
Let q(j) = 5*j**2 + 7*j - 8. Let n(z) = -7*z**2 - 8*z + 7. Let o(h) = 2*n(h) + 3*q(h). Is o(12) a prime number?
False
Let n(s) = -s**2 - 8*s - 13. Let i be n(-4). Suppose 2*h + 2*u - 94 = 122, 5*h + i*u = 530. Is h prime?
True
Let d be (-706)/4*(-4)/(-2). Let m = d - -1174. Is m a prime number?
True
Let o = 15 + -11. Suppose -5*y = 5*j - 1415, o*y - 2*j = -0*j + 1162. Let d = -29 + y. Is d composite?
True
Let c = 7747 - 3838. Let q = c - 1124. Is q composite?
True
Suppose 5*q - 3*f = -428 + 21382, -5*q - 4*f = -20933. Is q composite?
True
Let w = 14 + -11. Suppose 3*y = -2*a + 33, 4*a - 2*y - 6 = w*a. Suppose j = -a + 70. Is j composite?
True
Is ((-2)/(-6)*-15013)/((-4)/12) prime?
True
Let c(j) = 318*j**3 - 21*j**2 + 10*j + 5. Is c(6) a prime number?
False
Let q = 26 - 21. Suppose -468 + 2603 = q*o. Is o a prime number?
False
Suppose 1 + 11 = w - 3*a, 29 = 2*w - 5*a. Is 2409/w - (-10)/(-45) composite?
False
Suppose 2*v + 4668 = 6*v. Suppose 2*s = v - 189. Is s a prime number?
False
Let m(g) = 4*g + 3. Let c(j) = -5*j - 4. Let s(a) = -4*c(a) - 6*m(a). Let d be s(-1). Suppose 0 = d*b + 3*b - 325. Is b prime?
False
Suppose 3*c = -9 + 15. Suppose -c*t = 3*a - 166 - 109, 2*a = t - 155. Is t composite?
True
Let l(a) = -a + 9. Let u be l(-6). Let i be (-6)/u + (-39)/15. Is (i - 0)/((-9)/111) a prime number?
True
Let v(c) = c**3 - 12*c**2 + 3*c + 9. Suppose -7*k - 25 = -12*k. Let p(g) = g + 1. Let d(h) = k*p(h) - v(h). Is d(11) prime?
True
Suppose -7*v = -0*v - 5159. Is v prime?
False
Suppose -5*j - g + 18720 = 0, -4*g = -17*j + 15*j + 7466. Is j prime?
False
Suppose 2*s = 3*c + 6*s - 4, 4*c + 4*s - 8 = 0. Suppose -y = 3*y - 2*d - 3558, -5*d = -c*y + 3561. Is y a composite number?
True
Let f be (3 + -2)/((-1)/(-6)). Suppose -2*o + 1025 = -5*b, 502 = -f*o + 7*o + b. Is o a composite number?
True
Let a(u) = -u**3 + 2*u**2 + 53*u + 31. Is a(-22) a prime number?
False
Suppose 0 = -5*q + 15, 0 = 2*g + q + 11 + 16. Let l(h) = -23*h - 14. Is l(g) a composite number?
False
Suppose -2*h + 3*h + 14 = 5*u, -4*h + 2*u = -16. Let s be 3*(h + -4 + -1). Suppose b + s*w - 1477 = 0, -2954 = -2*b + 2*w - 5*w. Is b a composite number?
True
Suppose -30*g - 103381 = -501211. Is g composite?
True
Suppose -4*i - 2*m + 3*m + 13967 = 0, 0 = 3*i - 2*m - 10479. Is i a prime number?
True
Let r(p) = -p**2 - 3*p - 2. Let b be r(-4). Let o be (154/b)/(9/(-27)). Is 1092/o - (-4)/(-22) a composite number?
True
Suppose 4*c = -3*f + 2*c - 17, 3*c = 2*f + 20. Let s(o) = -8*o - 11*o - 2 - 2 + 2. Is s(f) a prime number?
True
Let p be (4224/40)/(6/(-20)). Let d(z) = -2*z**2 - 7*z - 2. Let w be d(-8). Let v = w - p. Is v composite?
True
Suppose -1759 = -23*z + 3048. Is z prime?
False
Let x = 1224 - 601. Let f be (-1 + 963 - 4) + -4. Suppose y = -2*l + f + x, -4763 = -3*y + 2*l. Is y composite?
True
Let d(o) = 39*o - 12. Let a be d(6). Let u be a/((-2)/88*3). Is 2/10 - u/20 composite?
False
Suppose 0 = -2*u - u + 2118. Let f = 1143 - u. Is f a prime number?
False
Suppose -3*o - 166 = -5*x + 75, 3*x = -2*o - 167. Let f be 21744/96*((-5)/(-3) + -1). Let u = f - o. Is u a prime number?
True
Let t be (-12)/96 + (-33666)/(-16). Suppose 5*b + v = -2369 - 261, 4*b = -4*v - t. Let a = b + 777. Is a a composite number?
False
Suppose 8*u + 36 = 11*u. Suppose 5*x - u = x. Suppose -5*q - 5*h = -q - 60, -x*h = 0. Is q a composite number?
True
Let x(s) = s**3 + 3*s**2 - 6*s - 2. Let t be x(-4). Suppose 2*g = 70 + t. Is g a prime number?
False
Suppose -2*s = -8*n + 3*n - 4614, -3*s = -5*n - 6931. Is s a prime number?
False
Let m be 18*(-2 + 2/4). Let x be 11/(132/(-723)) - (-1)/4. Let w = m - x. Is w a composite number?
True
Let a(v) be the third derivative of -125*v**4/12 + v**3/2 - 20*v**2. Is a(-2) a prime number?
True
Suppose -2*n = -3*c - 2*c + 29825, 0 = -2*c + 3*n + 11941. Is c a prime number?
False
Let p(c) = 12*c**3 + 4*c**2 - 6*c + 6. Let j be p(6). Suppose 2*u = -3*z - z + j, 3*z = -3*u + 2022. Is z a composite number?
True
Is ((-20)/(-15))/(16/66372) prime?
True
Let b(p) = -44819*p + 903. Is b(-4) composite?
False
Let r = 38525 + 103236. Is r a prime number?
True
Let c(m) = -2*m**2 - 9*m + 10. Let r be c(-5). Suppose 5*u = k + 10362, -r*u + u + 8301 = 3*k. Is u prime?
False
Let y(c) = 18*c + 13. Let q be y(7). Suppose 2*d - 278 = t, -2*t = -d + 2*t + q. Is d prime?
True
Let j = 8819 + -5656. Is j composite?
False
Let x(f) = -5662*f + 7. Is x(-1) prime?
True
Suppose 3*h + 30 = -7*j + 4*j, 0 = -5*h + 3*j - 18. Is 9/6 - 1833/h a prime number?
True
Suppose -z - 2*d - 5 = 0, 0 = z + 3*d - 6*d + 5. Let j = -5 - z. Suppose 0 = -c - j*c + 149. Is c a composite number?
False
Let v = 22 - 16. Let c be 5/((-30)/(-4))*v. Is (-726)/c*(-10)/15 a composite number?
True
Let z(g) = g**3 - 8*g**2 + 9*g - 8. Let h be z(7). Let p(d) = 2*d - 17 + h - 11*d. Is p(-6) prime?
True
Let y = -2 - 3. Let z = 0 - y. Suppose -z*r + 1450 = 195. Is r prime?
True
Is 9757/11*(7 - 6) prime?
True
Let n(f) = 79*f**2 + 10*f + 22. Is n(-21) a composite number?
False
Suppose -7*o - 4914 = -10*o. Suppose 0 = -3*s + 5*m + o, m + 243 = -5*s + 2945. Is s composite?
Fal